s 34 a factor of 14586?
True
Is 7514 a multiple of 59?
False
Is 1850 a multiple of 38?
False
Does 251 divide 9357?
False
Does 61 divide 65837?
False
Does 21 divide 957?
False
Is 54 a factor of 864?
True
Is 17 a factor of 82?
False
Does 68 divide 1020?
True
Is 64 a factor of 1152?
True
Is 19 a factor of 7486?
True
Is 6 a factor of 1008?
True
Does 172 divide 5226?
False
Is 20 a factor of 4016?
False
Is 672 a multiple of 6?
True
Is 67640 a multiple of 76?
True
Does 11 divide 1001?
True
Does 71 divide 40967?
True
Is 30422 a multiple of 93?
False
Does 107 divide 5860?
False
Is 19 a factor of 95?
True
Is 42 a factor of 2058?
True
Is 9360 a multiple of 36?
True
Is 1585 a multiple of 111?
False
Is 216 a multiple of 2?
True
Is 82 a multiple of 14?
False
Is 724 a multiple of 12?
False
Is 11 a factor of 141?
False
Is 1230 a multiple of 30?
True
Is 71 a factor of 5680?
True
Is 1714 a multiple of 8?
False
Is 973 a multiple of 19?
False
Is 18 a factor of 13521?
False
Is 12750 a multiple of 13?
False
Does 12 divide 22370?
False
Is 20 a factor of 1180?
True
Does 359 divide 45593?
True
Is 8590 a multiple of 6?
False
Is 9 a factor of 5304?
False
Is 134 a factor of 72724?
False
Does 15 divide 89?
False
Is 8330 a multiple of 30?
False
Is 12 a factor of 556?
False
Is 64 a factor of 640?
True
Does 9 divide 2574?
True
Is 798 a multiple of 6?
True
Is 500 a multiple of 16?
False
Is 204 a factor of 15043?
False
Is 12 a factor of 7536?
True
Does 109 divide 2943?
True
Is 171 a multiple of 9?
True
Does 10 divide 1600?
True
Is 46 a factor of 1058?
True
Is 89 a factor of 19057?
False
Does 227 divide 9481?
False
Is 10 a factor of 452?
False
Is 1714 a multiple of 37?
False
Is 136 a factor of 3543?
False
Is 276 a factor of 6817?
False
Is 7 a factor of 21456?
False
Is 24 a factor of 5544?
True
Does 72 divide 6412?
False
Does 17 divide 410?
False
Is 19 a factor of 190?
True
Is 954 a multiple of 32?
False
Is 52 a multiple of 26?
True
Is 51 a factor of 918?
True
Does 14 divide 630?
True
Is 2394 a multiple of 112?
False
Is 85 a factor of 3337?
False
Does 21 divide 3325?
False
Is 13 a factor of 2509?
True
Is 576 a multiple of 4?
True
Is 5264 a multiple of 66?
False
Is 33 a factor of 3466?
False
Is 630 a multiple of 42?
True
Is 27 a factor of 18657?
True
Does 10 divide 57969?
False
Does 127 divide 34926?
False
Is 1552 a multiple of 12?
False
Is 40 a factor of 33387?
False
Is 18218 a multiple of 219?
False
Is 9 a factor of 1734?
False
Is 6486 a multiple of 47?
True
Is 13 a factor of 191?
False
Is 15714 a multiple of 81?
True
Is 3 a factor of 369?
True
Is 54815 a multiple of 99?
False
Is 80 a factor of 738?
False
Is 17076 a multiple of 110?
False
Is 390 a multiple of 30?
True
Is 5663 a multiple of 78?
False
Does 12 divide 820?
False
Is 8 a factor of 1224?
True
Does 27 divide 1701?
True
Does 11 divide 21780?
True
Is 9 a factor of 3024?
True
Does 77 divide 26334?
True
Does 61 divide 6987?
False
Is 121 a factor of 12100?
True
Does 43 divide 7264?
False
Is 63 a factor of 44792?
False
Is 8046 a multiple of 34?
False
Is 4556 a multiple of 78?
False
Does 82 divide 1976?
False
Is 84 a factor of 1287?
False
Is 17 a factor of 29300?
False
Is 217 a factor of 32333?
True
Does 4 divide 641?
False
Does 31 divide 35627?
False
Does 18 divide 4698?
True
Is 20 a factor of 20226?
False
Is 11724 a multiple of 63?
False
Is 1260 a multiple of 20?
True
Is 1188 a multiple of 99?
True
Is 10 a factor of 4384?
False
Is 62 a factor of 6719?
False
Is 59 a factor of 19529?
True
Is 127 a factor of 113919?
True
Does 4 divide 376?
True
Is 38 a factor of 6194?
True
Is 66 a multiple of 2?
True
Is 5 a factor of 372?
False
Is 27 a factor of 616?
False
Is 20 a factor of 5119?
False
Is 6650 a multiple of 9?
False
Is 31 a factor of 2113?
False
Is 17 a factor of 1445?
True
Is 77 a factor of 693?
True
Does 39 divide 5391?
False
Does 57 divide 2550?
False
Does 164 divide 4756?
True
Is 2838 a multiple of 16?
False
Does 103 divide 137?
False
Does 4 divide 116?
True
Is 56 a factor of 616?
True
Is 52 a factor of 52?
True
Does 7 divide 175?
True
Is 6 a factor of 90?
True
Does 8 divide 281?
False
Is 4726 a multiple of 17?
True
Is 22 a factor of 32029?
False
Is 2 a factor of 547?
False
Does 31 divide 60006?
False
Does 3 divide 5764?
False
Does 94 divide 29046?
True
Is 17415 a multiple of 6?
False
Does 163 divide 2119?
True
Is 4 a factor of 9724?
True
Is 4553 a multiple of 29?
True
Does 69 divide 9720?
False
Does 74 divide 730?
False
Is 9 a factor of 54741?
False
Is 16 a factor of 6325?
False
Does 29 divide 7308?
True
Is 300 a multiple of 5?
True
Is 4 a factor of 3235?
False
Does 3 divide 11186?
False
Does 10 divide 899?
False
Is 15 a factor of 47730?
True
Does 21 divide 1551?
False
Does 25 divide 7250?
True
Is 22 a factor of 28776?
True
Does 6 divide 3870?
True
Is 7268 a multiple of 46?
True
Is 16 a factor of 1024?
True
Does 10 divide 2883?
False
Is 55497 a multiple of 39?
True
Is 15 a factor of 1080?
True
Is 326 a multiple of 4?
False
Is 51 a factor of 1071?
True
Does 119 divide 39693?
False
Does 6 divide 408?
True
Is 23055 a multiple of 61?
False
Is 59 a factor of 944?
True
Does 8 divide 1595?
False
Is 916 a multiple of 18?
False
Does 4 divide 20586?
False
Is 15 a factor of 1335?
True
Is 418 a multiple of 28?
False
Is 2 a factor of 51?
False
Is 41 a factor of 943?
True
Is 35574 a multiple of 42?
True
Does 13 divide 11544?
True
Is 3870 a multiple of 90?
True
Is 6197 a multiple of 215?
False
Is 435 a multiple of 17?
False
Does 34 divide 41402?
False
Is 111 a factor of 52795?
False
Does 4 divide 337?
False
Is 3712 a multiple of 16?
True
Does 76 divide 10086?
False
Is 9632 a multiple of 112?
True
Is 52632 a multiple of 153?
True
Does 158 divide 51666?
True
Is 35 a factor of 420?
True
Is 24 a factor of 211?
False
Is 5730 a multiple of 87?
False
Is 18238 a multiple of 25?
False
Is 7 a factor of 15179?
False
Does 47 divide 11552?
False
Is 232 a multiple of 8?
True
Does 9 divide 1116?
True
Does 10 divide 110?
True
Is 2396 a multiple of 45?
False
Is 2356 a multiple of 62?
True
Does 37 divide 148?
True
Is 16 a factor of 16175?
False
Is 120 a multiple of 8?
True
Is 6137 a multiple of 96?
False
Is 11 a factor of 77?
True
Does 19 divide 114?
True
Is 2300 a multiple of 25?
True
Is 16301 a multiple of 10?
False
Is 15 a factor of 400?
False
Does 16 divide 6699?
False
Does 99 divide 700?
False
Is 1097 a multiple of 74?
False
Does 74 divide 13320?
True
Is 829 a multiple of 27?
False
Is 4590 a multiple of 54?
True
Does 12 divide 2628?
True
Is 40 a factor of 7360?
True
Is 4 a factor of 19901?
False
Is 4 a factor of 524?
True
Does 156 divide 8470?
False
Does 5 divide 4590?
True
Does 13 divide 2747?
False
Is 27 a factor of 1701?
True
Is 259 a multiple of 7?
True
Does 103 divide 30348?
False
Is 37696 a multiple of 32?
True
Is 96 a factor of 11040?
True
Does 6 divide 145?
False
Is 24985 a multiple of 95?
True
Is 6 a factor of 3508?
False
Does 31 divide 26040?
True
Is 7347 a multiple of 79?
True
Is 48 a multiple of 6?
True
Is 860 a multiple of 4?
True
Is 4899 a multiple of 24?
False
Is 26 a factor of 520?
True
Is 20 a factor of 4020?
True
Is 7 a factor of 805?
True
Does 4 divide 456?
True
Is 2553 a multiple of 101?
False
Is 3 a factor of 711?
True
Does 9 divide 472?
False
Is 43 a factor of 18534?
False
Is 101 a factor of 3266?
False
Does 11 divide 2852?
False
Does 8 divide 134?
False
Is 502 a multiple of 12?
False
Is 3 a factor of 2320?
False
Does 2 divide 25?
False
Is 2 a factor of 69?
False
Does 12 divide 105?
False
Is 6 a factor of 894?
True
Does 123 divide 1747?
False
Does 17 divide 665?
False
Does 114 divide 8677?
False
Is 523 a multiple of 33?
False
Does 29 divide 1180?
False
Is 8203 a multiple of 13?
True
Is 9 a factor of 2655?
True
Is 13 a factor of 131?
False
Does 91 divide 595?
False
Is 35 a factor of 18970?
True
Is 21115 a multiple of 41?
True
Does 30 divide 347?
False
Does 51 divide 4321?
False
Is 15 a factor of 3135?
True
Is 182 a multiple of 15?
False
Is 139 a multiple of 3?
False
Does 90 divide 2160?
True
Is 744 a multiple of 12?
True
Is 3504 a multiple of 13?
False
Does 138 divide 9855?
False
Does 149 divide 13536?
False
Does 42 divide 48468?
True
Is 6 a factor of 1281?
False
Is 1082 a multiple of 59?
False
Is 5 a factor of 71?
False
Do